)/(-21))/(-10). Calculate the highest common divisor of x and f.
4
Let o = 89 - 42. Let u = -5 + o. Calculate the highest common factor of u and 7.
7
Let g be 20*((-570)/(-25) - 8). Calculate the highest common divisor of 74 and g.
74
Let d(j) = -4*j + 50. Let a be d(5). Calculate the highest common divisor of a and 270.
30
Suppose 2*k = -0*k + 230. Let y be 392/182 + 11/13 + -1. Suppose 30 = y*m - 62. Calculate the highest common factor of k and m.
23
Let k = 753 - 702. What is the greatest common divisor of 323 and k?
17
Suppose 4*t - 835 - 345 = r, -4*t + 16 = 0. Let u be r/(-68) - (-2)/(-17). What is the greatest common divisor of 17 and u?
17
Suppose -5*a - 20 = -7*a. What is the highest common divisor of 20 and a?
10
Let c be (0 - 2) + 3 + 2. Suppose -c*z - 22 = 14. Let d = -4 - z. What is the greatest common factor of d and 72?
8
Let h(k) = 3*k**3 - 14*k**2 + 3. Let l be ((-180)/100)/((-6)/20). Let r be h(l). Calculate the highest common factor of 21 and r.
21
Suppose 15*z + 3*a = 16*z - 105, 2*z - a = 185. What is the greatest common factor of z and 54?
18
Suppose 0 = -3*x + 193 - 55. Let t = 88 - x. Calculate the greatest common factor of t and 63.
21
Let o = -312 - -192. Let b = o - -168. Suppose 2*t - 17 = 7. What is the greatest common divisor of t and b?
12
Suppose 38*c = 14*c + 1344. What is the greatest common factor of c and 140?
28
Let a = 7 + -7. Let o be 1 + a*(-1)/3. Let k be (-2)/6*(-9)/o. What is the highest common divisor of 3 and k?
3
Let z = 2219 + -2171. Let y be (-109)/(-3) - (-4)/6. Let n = y + -21. Calculate the greatest common divisor of z and n.
16
Suppose d - 10 = -3*f, 0 = -4*f - 5*d + 4*d + 13. Suppose 0*s - 29 = -f*h - 5*s, 80 = 5*h + 2*s. Let r = h + -16. What is the highest common factor of 2 and r?
2
Suppose -n + 175 = 127. Calculate the highest common factor of n and 2.
2
Suppose -636 = -4*c + 4*t, -2*t - 924 = -5*c - 126. Calculate the greatest common divisor of c and 5.
5
Let i be -2*4/(-12)*2892/8. Suppose 5*q - 775 = -2*t + 1253, -5*t - 4*q = -5087. Suppose 5*x - t = i. Calculate the highest common factor of x and 36.
36
Let j be 1198/7 + (-192)/(-224). What is the greatest common factor of j and 215?
43
Suppose 0 = 5*y - 0*y - 2*s - 27, -4*y = 2*s - 18. Let c be (3/(-2))/((-18)/60). Calculate the highest common divisor of y and c.
5
Let v be (-3)/(-9) + 565/15. Suppose -v - 27 = -o. What is the greatest common factor of o and 13?
13
Suppose 23*i + 2*s + 364 = 25*i, -6 = -2*s. What is the greatest common divisor of 37 and i?
37
Suppose 0 = n - 46 + 41. Suppose -12*h + 10*h + 4 = 0, 4*l = -n*h + 58. Calculate the highest common factor of l and 4.
4
Let r(s) be the second derivative of 4*s**4/3 - 12*s. Let l be r(-1). Suppose 0 = f - 28 + 4. Calculate the highest common divisor of l and f.
8
Let i = -93 - -106. What is the highest common divisor of 52 and i?
13
Let v be 5946/9 + -3*6/27. Calculate the greatest common factor of 60 and v.
60
Let r(h) = -3*h**2 + 103*h - 63. Let w be r(32). Calculate the highest common factor of w and 184.
23
Let y(s) = s**3 - 8*s**2 + 3*s + 2. Let k be y(9). What is the highest common factor of k and 66?
22
Let z be (((-2457)/(-18))/(-13))/(3/(-10)). What is the highest common divisor of z and 245?
35
Let y(j) = -j**3 + 4*j**2 + 3*j - 3. Let n be y(2). Let s = 23 - n. What is the greatest common factor of s and 48?
12
Let k be ((-6)/10)/((-2)/50). Suppose 3*l + k = 87. Calculate the highest common divisor of l and 16.
8
Suppose 31 = 5*s - z, -5*s + 7*z - 8*z = -29. Let i = 47 + 1. Suppose -p + i = -0*p. What is the highest common divisor of s and p?
6
Let f = -555 + 620. What is the greatest common factor of 1 and f?
1
Suppose 14*u - 7*u - 35 = 0. Suppose 0 = 4*m + m - u, -4*m - 311 = -5*z. Let p be 1*(-1 - (1 + -11)). Calculate the highest common divisor of z and p.
9
Let j be -102*(-26 + 20 - 17/(-3)). What is the highest common factor of j and 2482?
34
Let p(v) = 5*v**2 + 1. Suppose -c = 3*w - 1 + 11, -c + 8 = -3*w. Let q be p(c). Calculate the highest common factor of 42 and q.
6
Let x(k) be the second derivative of 5*k**4/4 + k**2/2 - 4*k. Let q be x(1). What is the highest common divisor of q and 48?
16
Let u(d) = -29*d - 49. Let j be u(-7). Calculate the greatest common divisor of 42 and j.
14
Suppose -2*f - 3 + 11 = 0. Let g = -1 + 1. Suppose f*p + 0*x - 315 = 3*x, g = -p - 2*x + 87. Calculate the greatest common divisor of p and 9.
9
Let w(o) be the second derivative of -o**4/12 + 7*o**3/6 - 4*o. Let l be w(7). Suppose 3*f - 22 - 8 = l. What is the greatest common factor of f and 50?
10
Suppose 5*o - 44 = -l, 0 = -3*o - 2*l - 1 + 26. Suppose -5*p = 12*w - 16*w - 340, -2*w = 3*p - 226. What is the greatest common factor of o and p?
9
Let i = -70 + 136. Calculate the greatest common divisor of 792 and i.
66
Let v be (6*5)/(6/27). Let k = 178 + -148. What is the greatest common divisor of v and k?
15
Let f = 11232 - 11133. Let u be (2/(-4))/(3/(-66)). What is the greatest common divisor of u and f?
11
Let d = -8 - -8. Suppose d = -2*y - 344 - 70. Let s be (y/(-27))/(1/3). Calculate the highest common divisor of s and 161.
23
Let a = 18 - 10. Let y(q) = -20*q - 8. Suppose -3*k = 6, -2*c - 3*c - 2*k - 24 = 0. Let t be y(c). What is the greatest common factor of a and t?
8
Suppose -5*j + j = -60. Suppose -k - 5 = 0, 4*r + 5*k + 1 = -12. Suppose -3*l - r*d = d - 18, -l + 6 = -2*d. Calculate the greatest common divisor of l and j.
3
Let m be (8/10)/(3186/1590 + -2). What is the greatest common factor of 4 and m?
4
Suppose -15*i + 59*i - 15708 = 0. What is the highest common divisor of i and 51?
51
Suppose 17 = 3*a - 5*r, 0*a + 24 = 5*a - 4*r. Suppose -40 = -3*i - 4*y, i - 61 = -a*i - y. What is the highest common factor of i and 4?
4
Let q(v) = -15*v + 2. Let g be q(-2). Let a(o) = -11*o**2 + 3*o - 4 - 22 + 11 - 10 + o**3. Let j be a(11). What is the greatest common factor of j and g?
8
Let x = -5112 + 8076. What is the greatest common factor of 24 and x?
12
Suppose -30 = -k + 36. What is the greatest common divisor of k and 88?
22
Let k be 1 - 87*(-32)/24. What is the greatest common factor of k and 91?
13
Suppose -3526*x + 1320 = -3511*x. What is the greatest common divisor of x and 232?
8
Let u = 0 + 14. Let h(d) = -43*d**2 + 2*d - 1. Let r be h(1). Let n = 63 + r. Calculate the greatest common factor of u and n.
7
Suppose -4*f + 5*g = -4476, g + 3*g + 4472 = 4*f. Let x be f/26 - 8/(-52). Calculate the highest common divisor of x and 86.
43
Suppose 0*z - 4*z - 59 = 5*w, 49 = -5*z + 2*w. Let j = z - -13. Let v be 21/j*4/6. What is the greatest common factor of 7 and v?
7
Let t(k) = -173*k + 93. Let m be t(-3). What is the highest common divisor of m and 36?
36
Let j(t) = 2*t + 13. Let w be j(-10). Let a(i) = i**2 + 2*i - 8. Let r be a(w). Calculate the greatest common divisor of 9 and r.
9
Suppose -2*o + 40 = -o. Suppose l - o = w - 3*w, -5*w = 4*l - 157. Suppose -81 = -q - 2*y, q - y - l = 34. What is the highest common factor of 30 and q?
15
Let s = 118 + -107. What is the highest common factor of 44 and s?
11
Let t be (-304)/(-9) - (-2)/9. Suppose a - 5*m = 34, -t = -4*a + 4*m + 22. Let p be 2/5 + 78/30. Calculate the highest common divisor of a and p.
3
Suppose -3*q = 5*l - 112, 4*q - 22*l = -25*l + 142. What is the greatest common factor of 3128 and q?
34
Let n = 1 - -12. Suppose -k + 15 = n. Calculate the greatest common divisor of 4 and k.
2
Suppose -4*t + 11 = -5*t - 4*j, -5*t = -4*j + 31. Let h(w) = w**2 + 2*w + 7. Let d be h(t). What is the highest common divisor of 63 and d?
21
Let n(m) = -26*m + 1. Let r = -2 + 1. Let i be n(r). Let u(x) = 157*x - 3682. Let y be u(25). What is the greatest common divisor of y and i?
27
Suppose -20 = -3*r - r. Suppose 18 - 3 = r*q. Let j be 1/(((-6)/(-2))/q). Calculate the highest common factor of 1 and j.
1
Let j = 1830 + -1676. What is the greatest common divisor of j and 88?
22
Let i(q) = q. Let j be i(4). Suppose 0 = 5*m - j*m + 18. Let s be (m/(-8))/(2/64). What is the highest common factor of 9 and s?
9
Let u be (-1)/(1/(-14) + 0). Suppose -3*n + 41 = 6*t - 2*t, 2*t = -5*n + 3. What is the highest common divisor of t and u?
14
Suppose 46 = 3*f + l - 22, 4*l - 32 = -2*f. What is the highest common divisor of 84 and